{"id":438908,"date":"2023-07-06T15:25:40","date_gmt":"2023-07-06T13:25:40","guid":{"rendered":"https:\/\/woo.mair-mair.de\/castel-sallegg-kalterersee-vigna-bischofsleiten-2\/"},"modified":"2023-07-19T22:08:07","modified_gmt":"2023-07-19T20:08:07","slug":"castel-sallegg-lago-di-caldaro-vigna-bischofsleiten","status":"publish","type":"product","link":"https:\/\/woo.mair-mair.de\/it\/castel-sallegg-lago-di-caldaro-vigna-bischofsleiten\/","title":{"rendered":"Castel Sallegg Lago di Caldaro Vigna Bischofsleiten"},"content":{"rendered":"<h2>Castel Sallegg Lago di Caldaro Vigna Bischofsleiten<\/h2>\n<h3>S\u00fcdtiroler Kalterersee DOC Vigna Bischofsleiten Castel Sallegg<\/h3>\n<p> S\u00fcdtiroler Kalterersee DOC Vigna Bischofsleiten Castel Sallegg<\/p>\n","protected":false},"excerpt":{"rendered":"<p>Il vino S\u00fcdtiroler Kalterersee DOC Vigna Bischofsleiten Castel Sallegg \u00e8 un vino rosso italiano dal produttore Castel Sallegg. \u00c8 della regione Alto Adige ed \u00e8 ottenuto da Schiava.<\/p>\n","protected":false},"featured_media":0,"comment_status":"open","ping_status":"closed","template":"","meta":{"_uag_custom_page_level_css":"","wprm-recipe-roundup-name":"","wprm-recipe-roundup-description":"","site-sidebar-layout":"default","site-content-layout":"","ast-site-content-layout":"","site-content-style":"default","site-sidebar-style":"default","ast-global-header-display":"","ast-banner-title-visibility":"","ast-main-header-display":"","ast-hfb-above-header-display":"","ast-hfb-below-header-display":"","ast-hfb-mobile-header-display":"","site-post-title":"","ast-breadcrumbs-content":"","ast-featured-img":"","footer-sml-layout":"","theme-transparent-header-meta":"","adv-header-id-meta":"","stick-header-meta":"","header-above-stick-meta":"","header-main-stick-meta":"","header-below-stick-meta":"","astra-migrate-meta-layouts":""},"product_cat":[6077,323],"product_tag":[],"brand":[6017],"class_list":["post-438908","product","type-product","status-publish","hentry","product_cat-vini","product_cat-vino-rosso","pa_alkohol-vol-130-it","pa_rebsorten-schiava","pa_region-alto-adige","pa_zone-bassa-atesina","brand-castel-sallegg","desktop-align-left","tablet-align-left","mobile-align-left","add-to-wishlist-after_add_to_cart"],"tiered_pricing_type":"fixed","tiered_pricing_fixed_rules":{"6":15.2200000000000006394884621840901672840118408203125,"18":15.1500000000000003552713678800500929355621337890625,"36":15.07000000000000028421709430404007434844970703125},"acf":[],"uagb_featured_image_src":{"full":false,"thumbnail":false,"medium":false,"medium_large":false,"large":false,"1536x1536":false,"2048x2048":false,"wprm-metadata-1_1":false,"wprm-metadata-4_3":false,"wprm-metadata-16_9":false,"woocommerce_thumbnail":false,"woocommerce_single":false,"woocommerce_gallery_thumbnail":false},"uagb_author_info":{"display_name":"Matthias","author_link":"https:\/\/woo.mair-mair.de\/it\/author\/"},"uagb_comment_info":0,"uagb_excerpt":"Il vino S\u00fcdtiroler Kalterersee DOC Vigna Bischofsleiten Castel Sallegg \u00e8 un vino rosso italiano dal produttore Castel Sallegg. \u00c8 della regione Alto Adige ed \u00e8 ottenuto da Schiava.","_links":{"self":[{"href":"https:\/\/woo.mair-mair.de\/it\/wp-json\/wp\/v2\/product\/438908","targetHints":{"allow":["GET"]}}],"collection":[{"href":"https:\/\/woo.mair-mair.de\/it\/wp-json\/wp\/v2\/product"}],"about":[{"href":"https:\/\/woo.mair-mair.de\/it\/wp-json\/wp\/v2\/types\/product"}],"replies":[{"embeddable":true,"href":"https:\/\/woo.mair-mair.de\/it\/wp-json\/wp\/v2\/comments?post=438908"}],"version-history":[{"count":1,"href":"https:\/\/woo.mair-mair.de\/it\/wp-json\/wp\/v2\/product\/438908\/revisions"}],"predecessor-version":[{"id":468100,"href":"https:\/\/woo.mair-mair.de\/it\/wp-json\/wp\/v2\/product\/438908\/revisions\/468100"}],"wp:attachment":[{"href":"https:\/\/woo.mair-mair.de\/it\/wp-json\/wp\/v2\/media?parent=438908"}],"wp:term":[{"taxonomy":"product_cat","embeddable":true,"href":"https:\/\/woo.mair-mair.de\/it\/wp-json\/wp\/v2\/product_cat?post=438908"},{"taxonomy":"product_tag","embeddable":true,"href":"https:\/\/woo.mair-mair.de\/it\/wp-json\/wp\/v2\/product_tag?post=438908"},{"taxonomy":"brand","embeddable":true,"href":"https:\/\/woo.mair-mair.de\/it\/wp-json\/wp\/v2\/brand?post=438908"}],"curies":[{"name":"wp","href":"https:\/\/api.w.org\/{rel}","templated":true}]}}

<h2>Castel Sallegg Lago di Caldaro Vigna Bischofsleiten</h2>
<h3>Südtiroler Kalterersee DOC Vigna Bischofsleiten Castel Sallegg</h3>
<p> Südtiroler Kalterersee DOC Vigna Bischofsleiten Castel Sallegg</p>

<p>Il vino Südtiroler Kalterersee DOC Vigna Bischofsleiten Castel Sallegg è un vino rosso italiano dal produttore Castel Sallegg. È della regione Alto Adige ed è ottenuto da Schiava.</p>

Il vino Südtiroler Kalterersee DOC Vigna Bischofsleiten Castel Sallegg è un vino rosso italiano dal produttore Castel Sallegg. È della regione Alto Adige ed è ottenuto da Schiava.
