{"id":467421,"date":"2023-07-19T15:09:05","date_gmt":"2023-07-19T13:09:05","guid":{"rendered":"https:\/\/woo.mair-mair.de\/rosa-dei-frati-ca-dei-frati\/"},"modified":"2023-07-19T22:05:15","modified_gmt":"2023-07-19T20:05:15","slug":"rosa-dei-frati-ca-dei-frati","status":"publish","type":"product","link":"https:\/\/woo.mair-mair.de\/it\/rosa-dei-frati-ca-dei-frati\/","title":{"rendered":"Rosa dei Frati C\u00e0 dei Frati"},"content":{"rendered":"<h2>Ca dei Frati Rosa dei Frati<\/h2>\n<p> Denominazione: Riviera del Garda Bresciano Chiaretto DOC Una cuv\u00e8e di 35% Groppello, 30% Marzemino, 30% Sangiovese, 5% Barbera. Un vino rosato leggiadro, fresco ma incisivo. Un Chiaretto di alto livello con personalita e charattere. Al naso leggerino, con profumi floreali e fruttati di mela verde, ciliegia selvatica e mandorle. Al palato fresco, gustoso e con vivida acidit\u00e0.<\/p>\n","protected":false},"excerpt":{"rendered":"<p>Il vino Rosa dei Frati C\u00e0 dei Frati \u00e8 un vino rosato italiano dal produttore Ca dei Frati. \u00c8 della regione Lombardia ed \u00e8 ottenuto da Sangiovese, Barbera, Marzemino e Groppello.<\/p>\n","protected":false},"featured_media":467866,"comment_status":"open","ping_status":"closed","template":"","meta":{"_uag_custom_page_level_css":"","wprm-recipe-roundup-name":"","wprm-recipe-roundup-description":"","site-sidebar-layout":"default","site-content-layout":"","ast-site-content-layout":"","site-content-style":"default","site-sidebar-style":"default","ast-global-header-display":"","ast-banner-title-visibility":"","ast-main-header-display":"","ast-hfb-above-header-display":"","ast-hfb-below-header-display":"","ast-hfb-mobile-header-display":"","site-post-title":"","ast-breadcrumbs-content":"","ast-featured-img":"","footer-sml-layout":"","theme-transparent-header-meta":"","adv-header-id-meta":"","stick-header-meta":"","header-above-stick-meta":"","header-main-stick-meta":"","header-below-stick-meta":"","astra-migrate-meta-layouts":""},"product_cat":[6077,322],"product_tag":[],"brand":[5846],"class_list":["post-467421","product","type-product","status-publish","has-post-thumbnail","hentry","product_cat-vini","product_cat-vino-rosato","pa_alkohol-vol-125-it","pa_rebsorten-barbera-it","pa_rebsorten-groppello-it","pa_rebsorten-marzemino-it","pa_rebsorten-sangiovese-it","pa_region-lombardia","pa_zone-lugana-e-garda-sud","brand-ca-dei-frati","desktop-align-left","tablet-align-left","mobile-align-left","add-to-wishlist-after_add_to_cart"],"tiered_pricing_type":"fixed","tiered_pricing_fixed_rules":{"6":11.8900000000000005684341886080801486968994140625,"18":11.8300000000000000710542735760100185871124267578125,"36":11.769999999999999573674358543939888477325439453125},"acf":[],"uagb_featured_image_src":{"full":["https:\/\/woo.mair-mair.de\/wp-content\/uploads\/2023\/07\/07400000000FEG_upl-66.png",222,405,false],"thumbnail":["https:\/\/woo.mair-mair.de\/wp-content\/uploads\/2023\/07\/07400000000FEG_upl-66-150x150.png",150,150,true],"medium":["https:\/\/woo.mair-mair.de\/wp-content\/uploads\/2023\/07\/07400000000FEG_upl-66-164x300.png",164,300,true],"medium_large":["https:\/\/woo.mair-mair.de\/wp-content\/uploads\/2023\/07\/07400000000FEG_upl-66.png",222,405,false],"large":["https:\/\/woo.mair-mair.de\/wp-content\/uploads\/2023\/07\/07400000000FEG_upl-66.png",222,405,false],"1536x1536":["https:\/\/woo.mair-mair.de\/wp-content\/uploads\/2023\/07\/07400000000FEG_upl-66.png",222,405,false],"2048x2048":["https:\/\/woo.mair-mair.de\/wp-content\/uploads\/2023\/07\/07400000000FEG_upl-66.png",222,405,false],"wprm-metadata-1_1":["https:\/\/woo.mair-mair.de\/wp-content\/uploads\/2023\/07\/07400000000FEG_upl-66.png",222,405,false],"wprm-metadata-4_3":["https:\/\/woo.mair-mair.de\/wp-content\/uploads\/2023\/07\/07400000000FEG_upl-66-222x375.png",222,375,true],"wprm-metadata-16_9":["https:\/\/woo.mair-mair.de\/wp-content\/uploads\/2023\/07\/07400000000FEG_upl-66-222x270.png",222,270,true],"woocommerce_thumbnail":["https:\/\/woo.mair-mair.de\/wp-content\/uploads\/2023\/07\/07400000000FEG_upl-66-222x300.png",222,300,true],"woocommerce_single":["https:\/\/woo.mair-mair.de\/wp-content\/uploads\/2023\/07\/07400000000FEG_upl-66.png",222,405,false],"woocommerce_gallery_thumbnail":["https:\/\/woo.mair-mair.de\/wp-content\/uploads\/2023\/07\/07400000000FEG_upl-66-100x100.png",100,100,true]},"uagb_author_info":{"display_name":"Marcel T\u00f6pel","author_link":"https:\/\/woo.mair-mair.de\/it\/author\/"},"uagb_comment_info":0,"uagb_excerpt":"Il vino Rosa dei Frati C\u00e0 dei Frati \u00e8 un vino rosato italiano dal produttore Ca dei Frati. \u00c8 della regione Lombardia ed \u00e8 ottenuto da Sangiovese, Barbera, Marzemino e Groppello.","_links":{"self":[{"href":"https:\/\/woo.mair-mair.de\/it\/wp-json\/wp\/v2\/product\/467421","targetHints":{"allow":["GET"]}}],"collection":[{"href":"https:\/\/woo.mair-mair.de\/it\/wp-json\/wp\/v2\/product"}],"about":[{"href":"https:\/\/woo.mair-mair.de\/it\/wp-json\/wp\/v2\/types\/product"}],"replies":[{"embeddable":true,"href":"https:\/\/woo.mair-mair.de\/it\/wp-json\/wp\/v2\/comments?post=467421"}],"version-history":[{"count":0,"href":"https:\/\/woo.mair-mair.de\/it\/wp-json\/wp\/v2\/product\/467421\/revisions"}],"wp:featuredmedia":[{"embeddable":true,"href":"https:\/\/woo.mair-mair.de\/it\/wp-json\/wp\/v2\/media\/467866"}],"wp:attachment":[{"href":"https:\/\/woo.mair-mair.de\/it\/wp-json\/wp\/v2\/media?parent=467421"}],"wp:term":[{"taxonomy":"product_cat","embeddable":true,"href":"https:\/\/woo.mair-mair.de\/it\/wp-json\/wp\/v2\/product_cat?post=467421"},{"taxonomy":"product_tag","embeddable":true,"href":"https:\/\/woo.mair-mair.de\/it\/wp-json\/wp\/v2\/product_tag?post=467421"},{"taxonomy":"brand","embeddable":true,"href":"https:\/\/woo.mair-mair.de\/it\/wp-json\/wp\/v2\/brand?post=467421"}],"curies":[{"name":"wp","href":"https:\/\/api.w.org\/{rel}","templated":true}]}}

Rosa dei Frati Cà dei Frati

<h2>Ca dei Frati Rosa dei Frati</h2>
<p> Denominazione: Riviera del Garda Bresciano Chiaretto DOC Una cuvèe di 35% Groppello, 30% Marzemino, 30% Sangiovese, 5% Barbera. Un vino rosato leggiadro, fresco ma incisivo. Un Chiaretto di alto livello con personalita e charattere. Al naso leggerino, con profumi floreali e fruttati di mela verde, ciliegia selvatica e mandorle. Al palato fresco, gustoso e con vivida acidità.</p>

<p>Il vino Rosa dei Frati Cà dei Frati è un vino rosato italiano dal produttore Ca dei Frati. È della regione Lombardia ed è ottenuto da Sangiovese, Barbera, Marzemino e Groppello.</p>

Marcel Töpel

Il vino Rosa dei Frati Cà dei Frati è un vino rosato italiano dal produttore Ca dei Frati. È della regione Lombardia ed è ottenuto da Sangiovese, Barbera, Marzemino e Groppello.
