{"id":467470,"date":"2023-07-06T15:23:27","date_gmt":"2023-07-06T13:23:27","guid":{"rendered":"https:\/\/woo.mair-mair.de\/ca-dei-frati-lugana-i-frati-2\/"},"modified":"2023-07-19T22:05:14","modified_gmt":"2023-07-19T20:05:14","slug":"ca-dei-frati-lugana-i-frati","status":"publish","type":"product","link":"https:\/\/woo.mair-mair.de\/it\/ca-dei-frati-lugana-i-frati\/","title":{"rendered":"Ca dei Frati Lugana I Frati"},"content":{"rendered":"<h2>Ca dei Frati Lugana I Frati<\/h2>\n<p> Lugana DOC I Frati C\u00e0 dei Frati<\/p>\n","protected":false},"excerpt":{"rendered":"<p>Il vino Lugana DOC I Frati Ca dei Frati \u00e8 un vino bianco italiano dal produttore Ca dei Frati. \u00c8 della regione Lombardia ed \u00e8 ottenuto da Trebbiano.<\/p>\n","protected":false},"featured_media":467782,"comment_status":"open","ping_status":"closed","template":"","meta":{"_uag_custom_page_level_css":"","wprm-recipe-roundup-name":"","wprm-recipe-roundup-description":"","site-sidebar-layout":"default","site-content-layout":"","ast-site-content-layout":"","site-content-style":"default","site-sidebar-style":"default","ast-global-header-display":"","ast-banner-title-visibility":"","ast-main-header-display":"","ast-hfb-above-header-display":"","ast-hfb-below-header-display":"","ast-hfb-mobile-header-display":"","site-post-title":"","ast-breadcrumbs-content":"","ast-featured-img":"","footer-sml-layout":"","theme-transparent-header-meta":"","adv-header-id-meta":"","stick-header-meta":"","header-above-stick-meta":"","header-main-stick-meta":"","header-below-stick-meta":"","astra-migrate-meta-layouts":""},"product_cat":[6077,325],"product_tag":[],"brand":[5846],"class_list":["post-467470","product","type-product","status-publish","has-post-thumbnail","hentry","product_cat-vini","product_cat-vino-bianco","pa_alkohol-vol-130-it","pa_rebsorten-chardonnay-it","pa_rebsorten-sauvignon-it","pa_rebsorten-trebbiano-it","pa_region-lombardia","pa_zone-lugana-e-garda-sud","brand-ca-dei-frati","desktop-align-left","tablet-align-left","mobile-align-left","add-to-wishlist-after_add_to_cart"],"tiered_pricing_type":"fixed","tiered_pricing_fixed_rules":{"6":12.4399999999999995026200849679298698902130126953125,"18":12.3800000000000007815970093361102044582366943359375,"36":12.32000000000000028421709430404007434844970703125},"acf":[],"uagb_featured_image_src":{"full":["https:\/\/woo.mair-mair.de\/wp-content\/uploads\/2023\/07\/07400000000FEH_upl-92.png",222,405,false],"thumbnail":["https:\/\/woo.mair-mair.de\/wp-content\/uploads\/2023\/07\/07400000000FEH_upl-92-150x150.png",150,150,true],"medium":["https:\/\/woo.mair-mair.de\/wp-content\/uploads\/2023\/07\/07400000000FEH_upl-92-164x300.png",164,300,true],"medium_large":["https:\/\/woo.mair-mair.de\/wp-content\/uploads\/2023\/07\/07400000000FEH_upl-92.png",222,405,false],"large":["https:\/\/woo.mair-mair.de\/wp-content\/uploads\/2023\/07\/07400000000FEH_upl-92.png",222,405,false],"1536x1536":["https:\/\/woo.mair-mair.de\/wp-content\/uploads\/2023\/07\/07400000000FEH_upl-92.png",222,405,false],"2048x2048":["https:\/\/woo.mair-mair.de\/wp-content\/uploads\/2023\/07\/07400000000FEH_upl-92.png",222,405,false],"wprm-metadata-1_1":["https:\/\/woo.mair-mair.de\/wp-content\/uploads\/2023\/07\/07400000000FEH_upl-92.png",222,405,false],"wprm-metadata-4_3":["https:\/\/woo.mair-mair.de\/wp-content\/uploads\/2023\/07\/07400000000FEH_upl-92-222x375.png",222,375,true],"wprm-metadata-16_9":["https:\/\/woo.mair-mair.de\/wp-content\/uploads\/2023\/07\/07400000000FEH_upl-92-222x270.png",222,270,true],"woocommerce_thumbnail":["https:\/\/woo.mair-mair.de\/wp-content\/uploads\/2023\/07\/07400000000FEH_upl-92-222x300.png",222,300,true],"woocommerce_single":["https:\/\/woo.mair-mair.de\/wp-content\/uploads\/2023\/07\/07400000000FEH_upl-92.png",222,405,false],"woocommerce_gallery_thumbnail":["https:\/\/woo.mair-mair.de\/wp-content\/uploads\/2023\/07\/07400000000FEH_upl-92-100x100.png",100,100,true]},"uagb_author_info":{"display_name":"Marcel T\u00f6pel","author_link":"https:\/\/woo.mair-mair.de\/it\/author\/"},"uagb_comment_info":0,"uagb_excerpt":"Il vino Lugana DOC I Frati Ca dei Frati \u00e8 un vino bianco italiano dal produttore Ca dei Frati. \u00c8 della regione Lombardia ed \u00e8 ottenuto da Trebbiano.","_links":{"self":[{"href":"https:\/\/woo.mair-mair.de\/it\/wp-json\/wp\/v2\/product\/467470","targetHints":{"allow":["GET"]}}],"collection":[{"href":"https:\/\/woo.mair-mair.de\/it\/wp-json\/wp\/v2\/product"}],"about":[{"href":"https:\/\/woo.mair-mair.de\/it\/wp-json\/wp\/v2\/types\/product"}],"replies":[{"embeddable":true,"href":"https:\/\/woo.mair-mair.de\/it\/wp-json\/wp\/v2\/comments?post=467470"}],"version-history":[{"count":1,"href":"https:\/\/woo.mair-mair.de\/it\/wp-json\/wp\/v2\/product\/467470\/revisions"}],"predecessor-version":[{"id":467483,"href":"https:\/\/woo.mair-mair.de\/it\/wp-json\/wp\/v2\/product\/467470\/revisions\/467483"}],"wp:featuredmedia":[{"embeddable":true,"href":"https:\/\/woo.mair-mair.de\/it\/wp-json\/wp\/v2\/media\/467782"}],"wp:attachment":[{"href":"https:\/\/woo.mair-mair.de\/it\/wp-json\/wp\/v2\/media?parent=467470"}],"wp:term":[{"taxonomy":"product_cat","embeddable":true,"href":"https:\/\/woo.mair-mair.de\/it\/wp-json\/wp\/v2\/product_cat?post=467470"},{"taxonomy":"product_tag","embeddable":true,"href":"https:\/\/woo.mair-mair.de\/it\/wp-json\/wp\/v2\/product_tag?post=467470"},{"taxonomy":"brand","embeddable":true,"href":"https:\/\/woo.mair-mair.de\/it\/wp-json\/wp\/v2\/brand?post=467470"}],"curies":[{"name":"wp","href":"https:\/\/api.w.org\/{rel}","templated":true}]}}

<h2>Ca dei Frati Lugana I Frati</h2>
<p> Lugana DOC I Frati Cà dei Frati</p>

<p>Il vino Lugana DOC I Frati Ca dei Frati è un vino bianco italiano dal produttore Ca dei Frati. È della regione Lombardia ed è ottenuto da Trebbiano.</p>

Marcel Töpel

Il vino Lugana DOC I Frati Ca dei Frati è un vino bianco italiano dal produttore Ca dei Frati. È della regione Lombardia ed è ottenuto da Trebbiano.
