{"id":470134,"date":"2023-07-19T22:28:40","date_gmt":"2023-07-19T20:28:40","guid":{"rendered":"https:\/\/woo.mair-mair.de\/peter-soelva-amistar-edizione-rossa\/"},"modified":"2023-07-19T22:29:08","modified_gmt":"2023-07-19T20:29:08","slug":"peter-soelva-amistar-edizione-rossa","status":"publish","type":"product","link":"https:\/\/woo.mair-mair.de\/it\/peter-soelva-amistar-edizione-rossa\/","title":{"rendered":"Peter S\u00f6lva Amistar Edizione Rossa"},"content":{"rendered":"<h2>Peter S\u00f6lva Amistar Edizione Rossa<\/h2>\n<p> Amistar Cuvee Edizione Peter S\u00f6lva &#038; S\u00f6hne<\/p>\n","protected":false},"excerpt":{"rendered":"<p>Il vino Amistar Edizione Rossa Peter S\u00f6lva &#038; S\u00f6hne \u00e8 un vino rosso italiano dal produttore Weingut Peter S\u00f6lva. \u00c8 della regione Alto Adige ed \u00e8 ottenuto da Lagrein, Merlot, Cabernet Sauvignon, Cabernet Franc e Petit Verdot.<\/p>\n","protected":false},"featured_media":470135,"comment_status":"open","ping_status":"closed","template":"","meta":{"_uag_custom_page_level_css":"","wprm-recipe-roundup-name":"","wprm-recipe-roundup-description":"","site-sidebar-layout":"default","site-content-layout":"","ast-site-content-layout":"","site-content-style":"default","site-sidebar-style":"default","ast-global-header-display":"","ast-banner-title-visibility":"","ast-main-header-display":"","ast-hfb-above-header-display":"","ast-hfb-below-header-display":"","ast-hfb-mobile-header-display":"","site-post-title":"","ast-breadcrumbs-content":"","ast-featured-img":"","footer-sml-layout":"","theme-transparent-header-meta":"","adv-header-id-meta":"","stick-header-meta":"","header-above-stick-meta":"","header-main-stick-meta":"","header-below-stick-meta":"","astra-migrate-meta-layouts":""},"product_cat":[6077,323],"product_tag":[],"brand":[5665],"class_list":["post-470134","product","type-product","status-publish","has-post-thumbnail","hentry","product_cat-vini","product_cat-vino-rosso","pa_alkohol-vol-140-it","pa_rebsorten-cabernet-franc-it","pa_rebsorten-cabernet-sauvignon-it","pa_rebsorten-lagrein-it","pa_rebsorten-merlot-it","pa_rebsorten-petit-verdot-it","pa_region-alto-adige","pa_zone-oltradige","brand-tenuta-peter-slva","desktop-align-left","tablet-align-left","mobile-align-left","add-to-wishlist-after_add_to_cart"],"tiered_pricing_type":"fixed","tiered_pricing_fixed_rules":{"3":64.8700000000000045474735088646411895751953125,"6":64.68000000000000682121026329696178436279296875,"12":64.4200000000000017053025658242404460906982421875},"acf":[],"uagb_featured_image_src":{"full":["https:\/\/woo.mair-mair.de\/wp-content\/uploads\/2023\/07\/074000000009ZN_upl-36.png",330,600,false],"thumbnail":["https:\/\/woo.mair-mair.de\/wp-content\/uploads\/2023\/07\/074000000009ZN_upl-36-150x150.png",150,150,true],"medium":["https:\/\/woo.mair-mair.de\/wp-content\/uploads\/2023\/07\/074000000009ZN_upl-36-165x300.png",165,300,true],"medium_large":["https:\/\/woo.mair-mair.de\/wp-content\/uploads\/2023\/07\/074000000009ZN_upl-36.png",330,600,false],"large":["https:\/\/woo.mair-mair.de\/wp-content\/uploads\/2023\/07\/074000000009ZN_upl-36.png",330,600,false],"1536x1536":["https:\/\/woo.mair-mair.de\/wp-content\/uploads\/2023\/07\/074000000009ZN_upl-36.png",330,600,false],"2048x2048":["https:\/\/woo.mair-mair.de\/wp-content\/uploads\/2023\/07\/074000000009ZN_upl-36.png",330,600,false],"wprm-metadata-1_1":["https:\/\/woo.mair-mair.de\/wp-content\/uploads\/2023\/07\/074000000009ZN_upl-36-330x500.png",330,500,true],"wprm-metadata-4_3":["https:\/\/woo.mair-mair.de\/wp-content\/uploads\/2023\/07\/074000000009ZN_upl-36-330x375.png",330,375,true],"wprm-metadata-16_9":["https:\/\/woo.mair-mair.de\/wp-content\/uploads\/2023\/07\/074000000009ZN_upl-36-330x270.png",330,270,true],"woocommerce_thumbnail":["https:\/\/woo.mair-mair.de\/wp-content\/uploads\/2023\/07\/074000000009ZN_upl-36-300x300.png",300,300,true],"woocommerce_single":["https:\/\/woo.mair-mair.de\/wp-content\/uploads\/2023\/07\/074000000009ZN_upl-36.png",330,600,false],"woocommerce_gallery_thumbnail":["https:\/\/woo.mair-mair.de\/wp-content\/uploads\/2023\/07\/074000000009ZN_upl-36-100x100.png",100,100,true]},"uagb_author_info":{"display_name":"Matthias","author_link":"https:\/\/woo.mair-mair.de\/it\/author\/"},"uagb_comment_info":0,"uagb_excerpt":"Il vino Amistar Edizione Rossa Peter S\u00f6lva & S\u00f6hne \u00e8 un vino rosso italiano dal produttore Weingut Peter S\u00f6lva. \u00c8 della regione Alto Adige ed \u00e8 ottenuto da Lagrein, Merlot, Cabernet Sauvignon, Cabernet Franc e Petit Verdot.","_links":{"self":[{"href":"https:\/\/woo.mair-mair.de\/it\/wp-json\/wp\/v2\/product\/470134","targetHints":{"allow":["GET"]}}],"collection":[{"href":"https:\/\/woo.mair-mair.de\/it\/wp-json\/wp\/v2\/product"}],"about":[{"href":"https:\/\/woo.mair-mair.de\/it\/wp-json\/wp\/v2\/types\/product"}],"replies":[{"embeddable":true,"href":"https:\/\/woo.mair-mair.de\/it\/wp-json\/wp\/v2\/comments?post=470134"}],"version-history":[{"count":0,"href":"https:\/\/woo.mair-mair.de\/it\/wp-json\/wp\/v2\/product\/470134\/revisions"}],"wp:featuredmedia":[{"embeddable":true,"href":"https:\/\/woo.mair-mair.de\/it\/wp-json\/wp\/v2\/media\/470135"}],"wp:attachment":[{"href":"https:\/\/woo.mair-mair.de\/it\/wp-json\/wp\/v2\/media?parent=470134"}],"wp:term":[{"taxonomy":"product_cat","embeddable":true,"href":"https:\/\/woo.mair-mair.de\/it\/wp-json\/wp\/v2\/product_cat?post=470134"},{"taxonomy":"product_tag","embeddable":true,"href":"https:\/\/woo.mair-mair.de\/it\/wp-json\/wp\/v2\/product_tag?post=470134"},{"taxonomy":"brand","embeddable":true,"href":"https:\/\/woo.mair-mair.de\/it\/wp-json\/wp\/v2\/brand?post=470134"}],"curies":[{"name":"wp","href":"https:\/\/api.w.org\/{rel}","templated":true}]}}

Peter Sölva Amistar Edizione Rossa

<h2>Peter Sölva Amistar Edizione Rossa</h2>
<p> Amistar Cuvee Edizione Peter Sölva &#038; Söhne</p>

<p>Il vino Amistar Edizione Rossa Peter Sölva &#038; Söhne è un vino rosso italiano dal produttore Weingut Peter Sölva. È della regione Alto Adige ed è ottenuto da Lagrein, Merlot, Cabernet Sauvignon, Cabernet Franc e Petit Verdot.</p>

Il vino Amistar Edizione Rossa Peter Sölva & Söhne è un vino rosso italiano dal produttore Weingut Peter Sölva. È della regione Alto Adige ed è ottenuto da Lagrein, Merlot, Cabernet Sauvignon, Cabernet Franc e Petit Verdot.
